{"id":13,"date":"2022-07-07T14:16:07","date_gmt":"2022-07-07T12:16:07","guid":{"rendered":"https:\/\/ekranyonline.pl\/?page_id=13"},"modified":"2022-12-13T13:01:33","modified_gmt":"2022-12-13T12:01:33","slug":"strona-glowna","status":"publish","type":"page","link":"https:\/\/ekranyonline.pl\/","title":{"rendered":"Strona g\u0142\u00f3wna"},"content":{"rendered":"<div id=\"pl-gb13-69e0cc3a59a02\"  class=\"panel-layout\" ><div id=\"pg-gb13-69e0cc3a59a02-0\"  class=\"panel-grid panel-no-style\" ><div id=\"pgc-gb13-69e0cc3a59a02-0-0\"  class=\"panel-grid-cell\" ><div id=\"panel-gb13-69e0cc3a59a02-0-0-0\" class=\"so-panel widget widget_black-studio-tinymce widget_black_studio_tinymce panel-first-child panel-last-child\" data-index=\"0\" ><div class=\"textwidget\"><p><strong>Ekrany Online<\/strong> to system, kt\u00f3ry pozwala Ci projektowa\u0107 tre\u015bci i wy\u015bwietla\u0107 je na ekranach zawieszonych w Twojej firmie, urz\u0119dzie, plac\u00f3wce o\u015bwiatowej albo dowolnym innym miejscu.<\/p>\n<ul>\n<li>Zarz\u0105dzanie przez przegl\u0105dark\u0119 &#8211; z dowolnego miejsca<\/li>\n<li>Na ka\u017cdym ekranie mo\u017cesz wy\u015bwietla\u0107 inn\u0105 zawarto\u015b\u0107<\/li>\n<li>U\u017cywaj gotowych fiszek i szablon\u00f3w albo tw\u00f3rz w\u0142asny content<\/li>\n<li>W \u0142atwy spos\u00f3b wysy\u0142aj wa\u017cne komunikaty w wiele miejsc jednocze\u015bnie<\/li>\n<\/ul>\n<p>&nbsp;<\/p>\n<p><strong>Porozmawiaj z nami:<\/strong><\/p>\n<p><a class=\"phone-call\" href=\"tel:533375913\"><img loading=\"lazy\" decoding=\"async\" class=\"alignnone size-full wp-image-84\" style=\"width: 22px; height: 23px;margin-right: 11px;margin-bottom: -2px;\" src=\"https:\/\/ekranyonline.pl\/wp-content\/uploads\/2022\/07\/phone-call-white.png\" alt=\"\" width=\"25\" height=\"25\" \/>53 337 59 13<\/a><\/p>\n<\/div><\/div><\/div><div id=\"pgc-gb13-69e0cc3a59a02-0-1\"  class=\"panel-grid-cell\" ><div id=\"panel-gb13-69e0cc3a59a02-0-1-0\" class=\"so-panel widget widget_media_image panel-first-child panel-last-child\" data-index=\"1\" ><img loading=\"lazy\" decoding=\"async\" width=\"2826\" height=\"1668\" src=\"https:\/\/ekranyonline.pl\/wp-content\/uploads\/2022\/07\/jak-to-dziala-ekrany-online-2.png\" class=\"image wp-image-79  attachment-full size-full\" alt=\"\" style=\"max-width: 100%; height: auto;\" srcset=\"https:\/\/ekranyonline.pl\/wp-content\/uploads\/2022\/07\/jak-to-dziala-ekrany-online-2.png 2826w, https:\/\/ekranyonline.pl\/wp-content\/uploads\/2022\/07\/jak-to-dziala-ekrany-online-2-300x177.png 300w, https:\/\/ekranyonline.pl\/wp-content\/uploads\/2022\/07\/jak-to-dziala-ekrany-online-2-1024x604.png 1024w, https:\/\/ekranyonline.pl\/wp-content\/uploads\/2022\/07\/jak-to-dziala-ekrany-online-2-768x453.png 768w, https:\/\/ekranyonline.pl\/wp-content\/uploads\/2022\/07\/jak-to-dziala-ekrany-online-2-1536x907.png 1536w, https:\/\/ekranyonline.pl\/wp-content\/uploads\/2022\/07\/jak-to-dziala-ekrany-online-2-2048x1209.png 2048w\" sizes=\"auto, (max-width: 2826px) 100vw, 2826px\" \/><\/div><\/div><\/div><div id=\"pg-gb13-69e0cc3a59a02-1\"  class=\"panel-grid panel-has-style\" ><div class=\"primary-color-bg has-text-white panel-row-style panel-row-style-for-gb13-69e0cc3a59a02-1\" ><div id=\"pgc-gb13-69e0cc3a59a02-1-0\"  class=\"panel-grid-cell\" ><div id=\"panel-gb13-69e0cc3a59a02-1-0-0\" class=\"so-panel widget widget_black-studio-tinymce widget_black_studio_tinymce panel-first-child panel-last-child\" data-index=\"2\" ><div class=\"panel-widget-style panel-widget-style-for-gb13-69e0cc3a59a02-1-0-0\" ><div class=\"textwidget\"><p><img loading=\"lazy\" decoding=\"async\" class=\"mb-5 aligncenter wp-image-95\" src=\"https:\/\/ekranyonline.pl\/wp-content\/uploads\/2022\/07\/wsparcie-techniczne-150x150.png\" alt=\"\" width=\"118\" height=\"118\" srcset=\"https:\/\/ekranyonline.pl\/wp-content\/uploads\/2022\/07\/wsparcie-techniczne-150x150.png 150w, https:\/\/ekranyonline.pl\/wp-content\/uploads\/2022\/07\/wsparcie-techniczne.png 215w\" sizes=\"auto, (max-width: 118px) 100vw, 118px\" \/><\/p>\n<p><strong>Wsparcie techniczne<\/strong> dost\u0119pne telefonicznie pomo\u017ce Ci w u\u017cytkowaniu systemu. Przed oddaniem systemu do u\u017cytku <strong>otrzymasz bezp\u0142atne szkolenie<\/strong> z obs\u0142ugi.\u00a0<\/p>\n<\/div><\/div><\/div><\/div><div id=\"pgc-gb13-69e0cc3a59a02-1-1\"  class=\"panel-grid-cell\" ><div id=\"panel-gb13-69e0cc3a59a02-1-1-0\" class=\"so-panel widget widget_black-studio-tinymce widget_black_studio_tinymce panel-first-child panel-last-child\" data-index=\"3\" ><div class=\"panel-widget-style panel-widget-style-for-gb13-69e0cc3a59a02-1-1-0\" ><div class=\"textwidget\"><p><img loading=\"lazy\" decoding=\"async\" class=\"mb-5 aligncenter wp-image-94\" src=\"https:\/\/ekranyonline.pl\/wp-content\/uploads\/2022\/07\/nowe-tresci-150x150.png\" alt=\"\" width=\"118\" height=\"98\" \/>Ca\u0142y czas dodajemy <strong>nowe fiszki i szablony<\/strong> do Twojej dyspozycji, aby zapewni\u0107 Ci rozwi\u0105zania kt\u00f3rych potrzebujesz i pobudzi\u0107 Twoj\u0105 kreatywno\u015b\u0107. W tej chwili masz dost\u0119p do <strong>200+ fiszek<\/strong>.<\/p>\n<\/div><\/div><\/div><\/div><div id=\"pgc-gb13-69e0cc3a59a02-1-2\"  class=\"panel-grid-cell\" ><div id=\"panel-gb13-69e0cc3a59a02-1-2-0\" class=\"so-panel widget widget_black-studio-tinymce widget_black_studio_tinymce panel-first-child panel-last-child\" data-index=\"4\" ><div class=\"panel-widget-style panel-widget-style-for-gb13-69e0cc3a59a02-1-2-0\" ><div class=\"textwidget\"><p><img loading=\"lazy\" decoding=\"async\" class=\"mb-5 aligncenter wp-image-92\" src=\"https:\/\/ekranyonline.pl\/wp-content\/uploads\/2022\/07\/dopasowane-do-twoich-potrzeb-white-150x150.png\" alt=\"\" width=\"118\" height=\"118\" srcset=\"https:\/\/ekranyonline.pl\/wp-content\/uploads\/2022\/07\/dopasowane-do-twoich-potrzeb-white-150x150.png 150w, https:\/\/ekranyonline.pl\/wp-content\/uploads\/2022\/07\/dopasowane-do-twoich-potrzeb-white.png 215w\" sizes=\"auto, (max-width: 118px) 100vw, 118px\" \/><\/p>\n<p>Oferta dobrana jest do Twoich indywidualnych potrzeb. Mo\u017cesz wybra\u0107 <strong>dowoln\u0105 liczb\u0119 ekran\u00f3w i kont<\/strong>, kt\u00f3re zostan\u0105 tak skonfigurowane aby odda\u0107 hierarchi\u0119 zarz\u0105dzania Twoj\u0105 firm\u0105.<\/p>\n<\/div><\/div><\/div><\/div><\/div><\/div><div id=\"pg-gb13-69e0cc3a59a02-2\"  class=\"panel-grid panel-no-style\" ><div id=\"pgc-gb13-69e0cc3a59a02-2-0\"  class=\"panel-grid-cell\" ><div id=\"panel-gb13-69e0cc3a59a02-2-0-0\" class=\"so-panel widget widget_media_image panel-first-child panel-last-child\" data-index=\"5\" ><img loading=\"lazy\" decoding=\"async\" width=\"799\" height=\"433\" src=\"https:\/\/ekranyonline.pl\/wp-content\/uploads\/2022\/07\/proces-zamawiania-5.png\" class=\"image wp-image-138 aligncenter attachment-full size-full\" alt=\"\" style=\"max-width: 100%; height: auto;\" srcset=\"https:\/\/ekranyonline.pl\/wp-content\/uploads\/2022\/07\/proces-zamawiania-5.png 799w, https:\/\/ekranyonline.pl\/wp-content\/uploads\/2022\/07\/proces-zamawiania-5-300x163.png 300w, https:\/\/ekranyonline.pl\/wp-content\/uploads\/2022\/07\/proces-zamawiania-5-768x416.png 768w\" sizes=\"auto, (max-width: 799px) 100vw, 799px\" \/><\/div><\/div><\/div><div id=\"pg-gb13-69e0cc3a59a02-3\"  class=\"panel-grid panel-has-style\" ><div class=\"panel-row-style panel-row-style-for-gb13-69e0cc3a59a02-3\" ><div id=\"pgc-gb13-69e0cc3a59a02-3-0\"  class=\"panel-grid-cell panel-grid-cell-mobile-last\" ><div id=\"panel-gb13-69e0cc3a59a02-3-0-0\" class=\"so-panel widget widget_media_image panel-first-child panel-last-child\" data-index=\"6\" ><img loading=\"lazy\" decoding=\"async\" width=\"1920\" height=\"1045\" src=\"https:\/\/ekranyonline.pl\/wp-content\/uploads\/2022\/07\/ekrany-w-calej-polsce-tekst.jpg\" class=\"image wp-image-122  attachment-full size-full\" alt=\"\" style=\"max-width: 100%; height: auto;\" srcset=\"https:\/\/ekranyonline.pl\/wp-content\/uploads\/2022\/07\/ekrany-w-calej-polsce-tekst.jpg 1920w, https:\/\/ekranyonline.pl\/wp-content\/uploads\/2022\/07\/ekrany-w-calej-polsce-tekst-300x163.jpg 300w, https:\/\/ekranyonline.pl\/wp-content\/uploads\/2022\/07\/ekrany-w-calej-polsce-tekst-1024x557.jpg 1024w, https:\/\/ekranyonline.pl\/wp-content\/uploads\/2022\/07\/ekrany-w-calej-polsce-tekst-768x418.jpg 768w, https:\/\/ekranyonline.pl\/wp-content\/uploads\/2022\/07\/ekrany-w-calej-polsce-tekst-1536x836.jpg 1536w\" sizes=\"auto, (max-width: 1920px) 100vw, 1920px\" \/><\/div><\/div><div id=\"pgc-gb13-69e0cc3a59a02-3-1\"  class=\"panel-grid-cell panel-grid-cell-empty\" ><\/div><\/div><\/div><div id=\"pg-gb13-69e0cc3a59a02-4\"  class=\"panel-grid panel-has-style\" ><div class=\"panel-row-style panel-row-style-for-gb13-69e0cc3a59a02-4\" ><div id=\"pgc-gb13-69e0cc3a59a02-4-0\"  class=\"panel-grid-cell\" ><div id=\"panel-gb13-69e0cc3a59a02-4-0-0\" class=\"widget_text so-panel widget widget_custom_html panel-first-child panel-last-child\" data-index=\"7\" ><div class=\"textwidget custom-html-widget\"><style>.vcontainer {\n    position: relative;\n    width: 100%;\n    height: 0;\n    padding-bottom: 56.25%;\n}\n.video {\n    position: absolute;\n    top: 0;\n    left: 0;\n    width: 100%;\n    height: 100%;\n\t}<\/style>\n<div class=\"vcontainer\">\n<iframe loading=\"lazy\" src=\"https:\/\/source.ngs.edu.pl\/preview\/4MTMsrj8rkh8eCf6jaQz7LnRyUWahreH3d7MtgKiZTIYpHS5\"  class=\"video\" width=\"100%\" height=\"100%\"><\/iframe>\n<\/div><\/div><\/div><\/div><\/div><\/div><\/div>","protected":false},"excerpt":{"rendered":"<p>Ekrany Online to system, kt\u00f3ry pozwala Ci projektowa\u0107 tre\u015bci i wy\u015bwietla\u0107 je na ekranach zawieszonych w Twojej firmie, urz\u0119dzie, plac\u00f3wce o\u015bwiatowej albo dowolnym innym miejscu. Zarz\u0105dzanie przez przegl\u0105dark\u0119 &#8211; z dowolnego miejsca Na ka\u017cdym ekranie mo\u017cesz wy\u015bwietla\u0107 inn\u0105 zawarto\u015b\u0107 U\u017cywaj gotowych fiszek i szablon\u00f3w albo tw\u00f3rz w\u0142asny content W \u0142atwy spos\u00f3b wysy\u0142aj wa\u017cne komunikaty w [&hellip;]<\/p>\n","protected":false},"author":2,"featured_media":0,"parent":0,"menu_order":0,"comment_status":"closed","ping_status":"closed","template":"","meta":{"_monsterinsights_skip_tracking":false,"_monsterinsights_sitenote_active":false,"_monsterinsights_sitenote_note":"","_monsterinsights_sitenote_category":0,"footnotes":""},"class_list":["post-13","page","type-page","status-publish","hentry"],"aioseo_notices":[],"_links":{"self":[{"href":"https:\/\/ekranyonline.pl\/index.php\/wp-json\/wp\/v2\/pages\/13","targetHints":{"allow":["GET"]}}],"collection":[{"href":"https:\/\/ekranyonline.pl\/index.php\/wp-json\/wp\/v2\/pages"}],"about":[{"href":"https:\/\/ekranyonline.pl\/index.php\/wp-json\/wp\/v2\/types\/page"}],"author":[{"embeddable":true,"href":"https:\/\/ekranyonline.pl\/index.php\/wp-json\/wp\/v2\/users\/2"}],"replies":[{"embeddable":true,"href":"https:\/\/ekranyonline.pl\/index.php\/wp-json\/wp\/v2\/comments?post=13"}],"version-history":[{"count":1,"href":"https:\/\/ekranyonline.pl\/index.php\/wp-json\/wp\/v2\/pages\/13\/revisions"}],"predecessor-version":[{"id":187,"href":"https:\/\/ekranyonline.pl\/index.php\/wp-json\/wp\/v2\/pages\/13\/revisions\/187"}],"wp:attachment":[{"href":"https:\/\/ekranyonline.pl\/index.php\/wp-json\/wp\/v2\/media?parent=13"}],"curies":[{"name":"wp","href":"https:\/\/api.w.org\/{rel}","templated":true}]}}