{"id":18,"date":"2022-07-07T14:17:37","date_gmt":"2022-07-07T12:17:37","guid":{"rendered":"https:\/\/ekranyonline.pl\/?page_id=18"},"modified":"2022-12-12T12:53:08","modified_gmt":"2022-12-12T11:53:08","slug":"ekrany-w-urzedzie","status":"publish","type":"page","link":"https:\/\/ekranyonline.pl\/index.php\/ekrany-w-urzedzie\/","title":{"rendered":"Ekrany w urz\u0119dzie"},"content":{"rendered":"<div id=\"pl-gb18-69e1f8188650e\"  class=\"panel-layout\" ><div id=\"pg-gb18-69e1f8188650e-0\"  class=\"panel-grid panel-no-style\" ><div id=\"pgc-gb18-69e1f8188650e-0-0\"  class=\"panel-grid-cell\" ><div id=\"panel-gb18-69e1f8188650e-0-0-0\" class=\"so-panel widget widget_black-studio-tinymce widget_black_studio_tinymce panel-first-child panel-last-child\" data-index=\"0\" ><div class=\"textwidget\"><div id=\"panel-99-0-0-1\" class=\"so-panel widget widget_text\" data-index=\"1\">\n<div class=\"textwidget\">\n<h2 class=\"title\">Do czego s\u0142u\u017c\u0105 Ekrany w Urz\u0119dzie?<\/h2>\n<p><strong>Ekranyonline<\/strong> to sie\u0107 zdalnie administrowanych ekran\u00f3w informacyjno-promocyjnych wraz z innowacyjnymi funkcjami zarz\u0105dzania i tworzenia tre\u015bci, dostosowanymi do potrzeb i reali\u00f3w samorz\u0105d\u00f3w lokalnych, urz\u0119d\u00f3w, szpitali oraz bibliotek.<\/div>\n<\/div>\n<div id=\"panel-99-0-0-2\" class=\"so-panel widget widget_text\" data-index=\"2\">\n<div class=\"textwidget\">\n<p>Ekrany montowane w pomieszczeniach, korytarzach czy w przestrzeni publicznej na specjalnie przygotowanych stanowiskach,\u00a0 s\u0105 \u017ar\u00f3d\u0142em informacji dla mieszka\u0144c\u00f3w, interesant\u00f3w czy samych pracownik\u00f3w.<\/p>\n<p>Wy\u015bwietlane tre\u015bci mog\u0105 dotyczy\u0107 wielu temat\u00f3w b\u0119d\u0105cych w kr\u0119gu zainteresowa\u0144 spo\u0142eczno\u015bci lokalnej:<\/p>\n<ul>\n<li><strong>informacje praktyczne<\/strong><br \/>\n<small>godziny pracy, mapa urz\u0119du, oficjalne komunikaty, kalendarz wa\u017cnych wydarze\u0144, dane kontaktowe<\/small><\/li>\n<li><strong>dane statystyczne<\/strong><br \/>\n<small>wykonanie bud\u017cetu, dane urz\u0119du stanu cywilnego, bud\u017cet obywatelski, pozycja okr\u0119gu na tle innych jednostek, wyniki rywalizacji sportowych<\/small><\/li>\n<li><strong>informacje kulturalne<\/strong><br \/>\n<small>zaproszenia na wydarzenia kulturalne, wernisa\u017ce prac dzieci, kana\u0142 informacyjny dla dom\u00f3w kultury oraz bibliotek, osi\u0105gni\u0119ci i prace mieszka\u0144c\u00f3w <\/small><\/li>\n<li><strong>ostrze\u017cenia<\/strong><br \/>\n<small>ostrze\u017cenia meteorologiczne, dane o zanieczyszczeniu \u015brodowiska, informacje o zmianach w organizacji ruchu, ostrze\u017cenia o awariach, planowane konserwacje, wy\u0142\u0105czenia <\/small><\/li>\n<\/ul>\n<\/div>\n<\/div>\n<\/div><\/div><\/div><\/div><div id=\"pg-gb18-69e1f8188650e-1\"  class=\"panel-grid panel-no-style\" ><div id=\"pgc-gb18-69e1f8188650e-1-0\"  class=\"panel-grid-cell\" ><div id=\"panel-gb18-69e1f8188650e-1-0-0\" class=\"so-panel widget widget_black-studio-tinymce widget_black_studio_tinymce panel-first-child\" data-index=\"1\" ><div class=\"textwidget\"><h2 class=\"title\">W sk\u0142ad standardowego zestawu wchodz\u0105:<\/h2>\n<ol>\n<li>ekran LCD wielko\u015bci od 32\u201d do 65\u201d<\/li>\n<li>odtwarzacz multimedialny montowany na tylnej obudowie ka\u017cdego ekranu, pod\u0142\u0105czony do Internetu<\/li>\n<li>konfiguracja systemu zgodnie z wymaganiami<\/li>\n<li>szkolenia dla os\u00f3b obs\u0142uguj\u0105cych<\/li>\n<li>wsparcie infolinii technicznej<\/li>\n<\/ol>\n<\/div><\/div><div id=\"panel-gb18-69e1f8188650e-1-0-1\" class=\"so-panel widget widget_media_image\" data-index=\"2\" ><img loading=\"lazy\" decoding=\"async\" width=\"1024\" height=\"575\" src=\"https:\/\/ekranyonline.pl\/wp-content\/uploads\/2022\/12\/zestaw-1024x575.png\" class=\"image wp-image-175  attachment-large size-large\" alt=\"\" style=\"max-width: 100%; height: auto;\" srcset=\"https:\/\/ekranyonline.pl\/wp-content\/uploads\/2022\/12\/zestaw-1024x575.png 1024w, https:\/\/ekranyonline.pl\/wp-content\/uploads\/2022\/12\/zestaw-300x168.png 300w, https:\/\/ekranyonline.pl\/wp-content\/uploads\/2022\/12\/zestaw-768x431.png 768w, https:\/\/ekranyonline.pl\/wp-content\/uploads\/2022\/12\/zestaw.png 1533w\" sizes=\"auto, (max-width: 1024px) 100vw, 1024px\" \/><\/div><div id=\"panel-gb18-69e1f8188650e-1-0-2\" class=\"so-panel widget widget_black-studio-tinymce widget_black_studio_tinymce panel-last-child\" data-index=\"3\" ><div class=\"textwidget\"><p>Nasze oprogramowanie nie wymaga instalowania. Mo\u017ce by\u0107 obs\u0142ugiwane z dowolnego komputera pod\u0142\u0105czonego do Internetu. Program umo\u017cliwia umieszczanie na ekranach publikacji, kt\u00f3re u\u017cytkownik ma zapisane na komputerze: zdj\u0119cia, PDF-y, filmy itp. Dodatkowo po zalogowaniu do systemu dost\u0119pny jest edytor, kt\u00f3ry pozwala stworzy\u0107 atrakcyjne graficznie slajdy. Wystarczy wybra\u0107 jedno z kilkunastu dost\u0119pnych te\u0142, doda\u0107 tekst czy zdj\u0119cia i publikacja jest ju\u017c gotowa. Mo\u017cna r\u00f3wnie\u017c tworzy\u0107 w\u0142asne, personalizowane t\u0142a (np. z logo urz\u0119du). U\u017cytkownik nie musi zatem potrafi\u0107 obs\u0142ugiwa\u0107 skomplikowanych program\u00f3w graficznych, mo\u017ce tworzy\u0107 atrakcyjne publikacje w niezwykle intuicyjnym \u015brodowisku.<\/p>\n<\/div><\/div><\/div><\/div><\/div>","protected":false},"excerpt":{"rendered":"<p>Do czego s\u0142u\u017c\u0105 Ekrany w Urz\u0119dzie? Ekranyonline to sie\u0107 zdalnie administrowanych ekran\u00f3w informacyjno-promocyjnych wraz z innowacyjnymi funkcjami zarz\u0105dzania i tworzenia tre\u015bci, dostosowanymi do potrzeb i reali\u00f3w samorz\u0105d\u00f3w lokalnych, urz\u0119d\u00f3w, szpitali oraz bibliotek. Ekrany montowane w pomieszczeniach, korytarzach czy w przestrzeni publicznej na specjalnie przygotowanych stanowiskach,\u00a0 s\u0105 \u017ar\u00f3d\u0142em informacji dla mieszka\u0144c\u00f3w, interesant\u00f3w czy samych pracownik\u00f3w. Wy\u015bwietlane [&hellip;]<\/p>\n","protected":false},"author":2,"featured_media":0,"parent":0,"menu_order":0,"comment_status":"closed","ping_status":"closed","template":"","meta":{"_monsterinsights_skip_tracking":false,"_monsterinsights_sitenote_active":false,"_monsterinsights_sitenote_note":"","_monsterinsights_sitenote_category":0,"footnotes":""},"class_list":["post-18","page","type-page","status-publish","hentry"],"aioseo_notices":[],"_links":{"self":[{"href":"https:\/\/ekranyonline.pl\/index.php\/wp-json\/wp\/v2\/pages\/18","targetHints":{"allow":["GET"]}}],"collection":[{"href":"https:\/\/ekranyonline.pl\/index.php\/wp-json\/wp\/v2\/pages"}],"about":[{"href":"https:\/\/ekranyonline.pl\/index.php\/wp-json\/wp\/v2\/types\/page"}],"author":[{"embeddable":true,"href":"https:\/\/ekranyonline.pl\/index.php\/wp-json\/wp\/v2\/users\/2"}],"replies":[{"embeddable":true,"href":"https:\/\/ekranyonline.pl\/index.php\/wp-json\/wp\/v2\/comments?post=18"}],"version-history":[{"count":0,"href":"https:\/\/ekranyonline.pl\/index.php\/wp-json\/wp\/v2\/pages\/18\/revisions"}],"wp:attachment":[{"href":"https:\/\/ekranyonline.pl\/index.php\/wp-json\/wp\/v2\/media?parent=18"}],"curies":[{"name":"wp","href":"https:\/\/api.w.org\/{rel}","templated":true}]}}